{"version":"1.0","provider_name":"M&auml;kel&auml; Alu Oy","provider_url":"https:\/\/makelaalu.fi\/de\/","title":"Wir sehen uns auf den Herbstmessen - M&auml;kel&auml; Alu Oy","type":"rich","width":600,"height":338,"html":"<blockquote class=\"wp-embedded-content\" data-secret=\"Z9A4vFnbxA\"><a href=\"https:\/\/makelaalu.fi\/de\/aktuelles\/wir-sehen-uns-auf-den-herbstmessen\/\">Wir sehen uns auf den Herbstmessen<\/a><\/blockquote><iframe sandbox=\"allow-scripts\" security=\"restricted\" src=\"https:\/\/makelaalu.fi\/de\/aktuelles\/wir-sehen-uns-auf-den-herbstmessen\/embed\/#?secret=Z9A4vFnbxA\" width=\"600\" height=\"338\" title=\"&#8222;Wir sehen uns auf den Herbstmessen&#8220; &#8211; M&auml;kel&auml; Alu Oy\" data-secret=\"Z9A4vFnbxA\" frameborder=\"0\" marginwidth=\"0\" marginheight=\"0\" scrolling=\"no\" class=\"wp-embedded-content\"><\/iframe><script type=\"text\/javascript\">\n\/* <![CDATA[ *\/\n\/*! This file is auto-generated *\/\n!function(d,l){\"use strict\";l.querySelector&&d.addEventListener&&\"undefined\"!=typeof URL&&(d.wp=d.wp||{},d.wp.receiveEmbedMessage||(d.wp.receiveEmbedMessage=function(e){var t=e.data;if((t||t.secret||t.message||t.value)&&!\/[^a-zA-Z0-9]\/.test(t.secret)){for(var s,r,n,a=l.querySelectorAll('iframe[data-secret=\"'+t.secret+'\"]'),o=l.querySelectorAll('blockquote[data-secret=\"'+t.secret+'\"]'),c=new RegExp(\"^https?:$\",\"i\"),i=0;i<o.length;i++)o[i].style.display=\"none\";for(i=0;i<a.length;i++)s=a[i],e.source===s.contentWindow&&(s.removeAttribute(\"style\"),\"height\"===t.message?(1e3<(r=parseInt(t.value,10))?r=1e3:~~r<200&&(r=200),s.height=r):\"link\"===t.message&&(r=new URL(s.getAttribute(\"src\")),n=new URL(t.value),c.test(n.protocol))&&n.host===r.host&&l.activeElement===s&&(d.top.location.href=t.value))}},d.addEventListener(\"message\",d.wp.receiveEmbedMessage,!1),l.addEventListener(\"DOMContentLoaded\",function(){for(var e,t,s=l.querySelectorAll(\"iframe.wp-embedded-content\"),r=0;r<s.length;r++)(t=(e=s[r]).getAttribute(\"data-secret\"))||(t=Math.random().toString(36).substring(2,12),e.src+=\"#?secret=\"+t,e.setAttribute(\"data-secret\",t)),e.contentWindow.postMessage({message:\"ready\",secret:t},\"*\")},!1)))}(window,document);\n\/\/# sourceURL=https:\/\/makelaalu.fi\/wp-includes\/js\/wp-embed.min.js\n\/* ]]> *\/\n<\/script>\n","thumbnail_url":"https:\/\/makelaalu.fi\/wp-content\/uploads\/2025\/09\/makelaalu-vises-i-massan-1024x594.jpg","thumbnail_width":1024,"thumbnail_height":594,"description":"M\u00e4kel\u00e4 Alu ist auf den gr\u00f6\u00dften Branchenveranstaltungen des Herbstes vertreten. In diesem Jahr finden Sie uns auf der Subcontracting-Messe in Tampere vom 30. September bis 2. Oktober 2025 am Stand A 818 sowie auf der Elmia Subcontractor in J\u00f6nk\u00f6ping vom 11. bis 14. November 2025 am Stand B07:65. In Tampere k\u00f6nnen Sie unser finnisches Verkaufsteam treffen, in J\u00f6nk\u00f6ping unser Exportteam sowie unser schwedisches B\u00fcro. Kommen Sie mit uns ins Gespr\u00e4ch \u00fcber die Herstellung und Oberfl\u00e4chenbehandlung nachhaltig produzierter Aluminiumprofile. In diesem Jahr haben wir die CO\u2082-Neutralit\u00e4t in unserer eigenen Produktion und internen Logistik erreicht. Gerne berichten wir Ihnen auch mehr \u00fcber unsere j\u00fcngsten Investitionen in Produktion und Energieeffizienz."}

Mäkelä Alu ist auf den größten Branchenveranstaltungen des Herbstes vertreten. In diesem Jahr finden Sie uns auf der Subcontracting-Messe in Tampere vom 30. September bis 2. Oktober 2025 am Stand A 818 sowie auf der Elmia Subcontractor in Jönköping vom 11. bis 14. November 2025 am Stand B07:65. In Tampere können Sie unser finnisches Verkaufsteam treffen, in Jönköping unser Exportteam sowie unser schwedisches Büro. Kommen Sie mit uns ins Gespräch über die Herstellung und Oberflächenbehandlung nachhaltig produzierter Aluminiumprofile. In diesem Jahr haben wir die CO₂-Neutralität in unserer eigenen Produktion und internen Logistik erreicht. Gerne berichten wir Ihnen auch mehr über unsere jüngsten Investitionen in Produktion und Energieeffizienz.
